 of 9371286?
2, 3, 37, 14071
What are the prime factors of 176686?
2, 23, 167
List the prime factors of 9050247.
3, 23, 43721
List the prime factors of 6283995.
3, 5, 418933
List the prime factors of 2699580.
2, 3, 5, 13, 3461
What are the prime factors of 1763451?
3, 41, 59
List the prime factors of 797981.
19, 41999
What are the prime factors of 8084366?
2, 31, 83, 1571
What are the prime factors of 619086?
2, 3, 13, 7937
What are the prime factors of 1133334?
2, 3, 79, 797
What are the prime factors of 56093?
56093
What are the prime factors of 17677947?
3, 7, 109, 7723
What are the prime factors of 1796155?
5, 359231
What are the prime factors of 1143591?
3, 19, 20063
List the prime factors of 7920388.
2, 7, 191, 1481
What are the prime factors of 1675811?
967, 1733
What are the prime factors of 16136105?
5, 3227221
What are the prime factors of 85007?
13, 503
List the prime factors of 7291437.
3, 23, 105673
What are the prime factors of 2346416?
2, 53, 2767
What are the prime factors of 9701607?
3, 23, 140603
What are the prime factors of 32164593?
3, 379, 28289
List the prime factors of 20818296.
2, 3, 10709
List the prime factors of 15487421.
29, 534049
List the prime factors of 293334.
2, 3, 48889
List the prime factors of 9347648.
2, 146057
List the prime factors of 2338260.
2, 3, 5, 38971
List the prime factors of 38779.
13, 19, 157
What are the prime factors of 3883612?
2, 970903
What are the prime factors of 2975071?
11, 270461
What are the prime factors of 320949?
3, 11887
What are the prime factors of 1884283?
59, 109, 293
List the prime factors of 454159.
454159
What are the prime factors of 319131?
3, 59, 601
List the prime factors of 275533.
379, 727
List the prime factors of 1537037.
1537037
What are the prime factors of 18284053?
107, 1597
What are the prime factors of 116756?
2, 17, 101
What are the prime factors of 816066?
2, 3, 45337
What are the prime factors of 30053805?
3, 5, 37, 54151
List the prime factors of 1539517.
7, 219931
What are the prime factors of 996725?
5, 39869
List the prime factors of 157742.
2, 13, 6067
List the prime factors of 85613.
11, 43, 181
What are the prime factors of 5285046?
2, 3, 13, 67757
List the prime factors of 107231.
157, 683
List the prime factors of 15172951.
157, 96643
What are the prime factors of 822018?
2, 3, 17, 8059
List the prime factors of 1226099.
7, 71, 2467
What are the prime factors of 44519?
44519
What are the prime factors of 3286737?
3, 40577
List the prime factors of 89018.
2, 47, 947
What are the prime factors of 1243896?
2, 3, 51829
List the prime factors of 7733203.
521, 14843
List the prime factors of 1636571.
1636571
List the prime factors of 387728.
2, 11, 2203
What are the prime factors of 276186?
2, 3, 191, 241
List the prime factors of 154291.
154291
List the prime factors of 66722.
2, 73, 457
List the prime factors of 2016391.
13, 109, 1423
List the prime factors of 521628.
2, 3, 17, 2557
What are the prime factors of 3264028?
2, 359, 2273
What are the prime factors of 9889428?
2, 3, 149, 5531
List the prime factors of 15850495.
5, 3170099
List the prime factors of 2500747.
2500747
What are the prime factors of 210331?
11, 19121
What are the prime factors of 22613557?
22613557
What are the prime factors of 73373?
239, 307
List the prime factors of 6774311.
421, 16091
List the prime factors of 241871.
7, 109, 317
What are the prime factors of 3376230?
2, 3, 5, 11, 13, 787
List the prime factors of 1331226.
2, 3, 13, 5689
What are the prime factors of 3172035?
3, 5, 211469
What are the prime factors of 3583776?
2, 3, 7, 5333
What are the prime factors of 247912?
2, 7, 19, 233
List the prime factors of 18248028.
2, 3, 61, 97, 257
What are the prime factors of 3207806?
2, 7, 29, 7901
List the prime factors of 8694649.
8694649
What are the prime factors of 118130?
2, 5, 11813
List the prime factors of 65891.
7, 9413
What are the prime factors of 186371?
17, 19, 577
List the prime factors of 386586.
2, 3, 7159
List the prime factors of 970672.
2, 19, 31, 103
What are the prime factors of 1213464?
2, 3, 7, 31, 233
What are the prime factors of 727527?
3, 242509
What are the prime factors of 2870673?
3, 13, 73607
List the prime factors of 2697254.
2, 7, 17, 1619
List the prime factors of 5089350.
2, 3, 5, 7, 37, 131
What are the prime factors of 719024?
2, 44939
What are the prime factors of 1285547?
1285547
What are the prime factors of 15964840?
2, 5, 257, 1553
What are the prime factors of 5909087?
5909087
List the prime factors of 1151757.
3, 127973
What are the prime factors of 75501?
3, 8389
What are the prime factors of 332872?
2, 41609
List the prime factors of 381028.
2, 95257
What are the prime factors of 277107?
3, 92369
What are the prime factors of 142378?
2, 257, 277
List the prime factors of 1514384.
2, 94649
What are the prime factors of 3952201?
11, 359291
What are the prime factors of 67130?
2, 5, 7, 137
List the prime factors of 143182.
2, 13, 5507
What are the prime factors of 1359180?
2, 3, 5, 839
What are the prime factors of 3576271?
283, 12637
List the prime factors of 537564.
2, 3, 44797
List the prime factors of 6132379.
11, 557489
What are the prime factors of 138109?
167, 827
List the prime factors of 2032463.
2032463
What are the prime factors of 11627486?
2, 13, 447211
List the prime factors of 7751431.
67, 115693
What are the prime factors of 12636572?
2, 13, 243011
List the prime factors of 14355622.
2, 7177811
List the prime factors of 635493.
3, 19, 11149
What are the prime factors of 5120930?
2, 5, 512093
List the prime factors of 8150072.
2, 7, 17, 1223
List the prime factors of 1388660.
2, 5, 7, 13, 109
List the prime factors of 368559.
3, 31, 1321
What are the prime factors of 9837976?
2, 599, 2053
List the prime factors of 154922.
2, 71, 1091
List the prime factors of 8548624.
2, 7, 127, 601
List the prime factors of 866480.
2, 5, 10831
What are the prime factors of 679361?
679361
What are the prime factors of 4447967?
41, 157, 691
What are the prime factors of 19663?
7, 53
What are the prime factors of 67825?
5, 2713
List the prime factors of 1492540.
2, 5, 7, 1523
List the prime factors of 7312252.
2, 23, 79481
What are the prime factors of 5640305?
5, 11, 102551
What are the prime factors of 250570?
2, 5, 25057
What are the prime factors of 28008169?
7, 4001167
What are the prime factors of 107188?
2, 127, 211
List the prime factors of 509806.
2, 11, 23173
What are the prime factors of 9078?
2, 3, 17, 89
What are the prime factors of 92506?
2, 23, 2011
What are the prime factors of 799804?
2, 59, 3389
What are the prime factors of 1284366?
2, 3, 23, 41, 227
List the prime factors of 798502.
2, 157, 2543
List the prime factors of 37455.
3, 5, 11, 227
List the prime factors of 215022.
2, 3, 35837
What are the prime factors of 18028284?
2, 3, 541, 2777
List the prime factors of 9766889.
11, 73, 12163
What are the prime factors of 144914?
2, 7, 11, 941
What are the prime factors of 2173557?
3, 724519
List the prime factors of 714754.
2, 357377
What are the prime factors of 3920037?
3, 11, 10799
List the prime factors of 978988.
2, 244747
What are the prime factors of 7868199?
3, 2622733
List the prime factors of 6284290.
2, 5, 23, 89, 307
What are the prime factors of 149933?
7, 21419
List the prime factors of 66986.
2, 33493
What are the prime factors of 841804?
2, 229, 919
List the prime factors of 2074557.
3, 193, 3583
What are the prime factors of 21722503?
11, 139, 14207
List the prime factors of 740736.
2, 3, 643
What are the prime factors of 148016?
2, 11, 29
List the prime factors of 18808965.
3, 5, 7, 29, 71
List the prime factors of 2173178.
2, 7, 17, 23, 397
What are the prime factors of 3952714?
2, 1976357
List the prime factors of 1044465.
3, 5, 179, 389
What are the prime factors of 7921577?
677, 11701
List the prime factors of 6031963.
7, 337, 2557
List the prime factors of 11553463.
19, 151, 4027
List the prime factors of 116553.
3, 38851
List the prime factors of 93192.
2, 3, 11, 353
What are the prime factors of 1418677?
13, 61, 1789
List the prime factors of 887431.
269, 3299
What are the prime factors of 12607084?
2, 7, 37, 43, 283
What are the prime factors of 1255221?
3, 11, 31, 409
List the prime fa